-3
Let x(p) = -267*p**3 + 43*p**2 - 43*p + 1. Determine x(1).
-266
Let h(n) = 680*n + 34103. Calculate h(-50).
103
Let i(q) = q**3 + 21*q**2 + 2444*q + 54207. Determine i(-22).
-45
Let g(r) = -11*r**2 - 206*r + 6444. Determine g(-36).
-396
Let y(c) = -190*c + 4089. What is y(25)?
-661
Let a(w) = 334*w**2 + 134*w + 457. Calculate a(-3).
3061
Let a(j) = 22898*j - 68734. Give a(3).
-40
Let f(z) = -3566*z - 150203. Give f(-42).
-431
Let p(z) = -z**2 + 942*z - 1880. Calculate p(2).
0
Let k(c) = -5*c**2 - 881*c + 35483. Give k(-210).
-7
Let m(f) = 70779*f - 70812. Give m(1).
-33
Let a(n) = -17588*n + 616379. Determine a(35).
799
Let n(r) = -57*r**2 + 3482*r - 3481. Give n(1).
-56
Let l(r) = -2689*r - 1430606. Determine l(-532).
-58
Let x(h) = -27736*h + 2412930. What is x(87)?
-102
Let g(d) = d**2 - 335*d - 4101. Determine g(-12).
63
Let w(n) = n**2 + 19555*n - 548163. Determine w(28).
161
Let u(l) = -3346*l + 207454. Determine u(62).
2
Let j(y) = -4*y**3 - 166*y**2 + 1174*y + 45788. What is j(-42)?
8
Let l(o) = -241*o + 734. Give l(4).
-230
Let y(c) = 6*c**2 - 6915*c + 75357. Calculate y(11).
18
Let q(a) = 9515*a + 19016. Calculate q(-2).
-14
Let p(g) = -95*g - 22596. Give p(-252).
1344
Let l(u) = 67*u**2 + 225*u + 116. Give l(-3).
44
Let s(b) = -7*b**2 - 268390*b - 1073569. Calculate s(-4).
-121
Let r(i) = 471349*i + 2356761. What is r(-5)?
16
Let k(a) = -3*a**2 + 9579*a - 114477. Give k(12).
39
Let j(n) = 703*n + 10682. Give j(-15).
137
Let k(t) = -t**3 - 9*t**2 - t + 143. Give k(-12).
587
Let v(r) = -2*r**2 + 498*r - 15011. Determine v(35).
-31
Let b(c) = 166*c**2 - 25728*c - 459. Give b(155).
-149
Let j(w) = -760*w - 73726. Determine j(-97).
-6
Let i(k) = 3*k**3 - 10*k**2 + 786*k - 6039. Determine i(7).
2
Let t(u) = -3*u**2 + 17513*u - 35024. Give t(2).
-10
Let i(s) = 6*s**3 + 364*s**2 - 113*s + 209. Give i(-61).
-340
Let c(t) = -10*t**3 + 651*t**2 - 64*t - 8. What is c(65)?
57
Let u(g) = g**3 - 71*g**2 - 152*g + 1155. Give u(73).
717
Let v(m) = 2*m**2 + 241*m + 1952. Give v(-8).
152
Let b(d) = -4*d**2 - 85*d + 1270. Give b(11).
-149
Let d(q) = -58442*q + 58454. What is d(1)?
12
Let b(l) = l**3 - 39*l**2 + 1199*l - 6829. Give b(7).
-4
Let v(j) = j**3 + 10*j**2 + 6*j - 99. Give v(-11).
-286
Let v(x) = -92264*x - 184534. Determine v(-2).
-6
Let v(m) = 16*m**2 + 553*m + 3448. Give v(-9).
-233
Let m(w) = 2*w**2 - 279*w + 2814. Determine m(128).
-130
Let k(v) = 2818*v + 487486. What is k(-173)?
-28
Let x(h) = 62720*h - 188172. What is x(3)?
-12
Let g(i) = 3*i**3 + 4663*i**2 + 14012*i + 123. What is g(-3)?
-27
Let n(r) = -24*r - 2335. Calculate n(-70).
-655
Let s(d) = 145*d + 20358. Calculate s(-141).
-87
Let w(h) = -2*h**3 + 188*h**2 - 178*h - 1509. Determine w(93).
-765
Let i(q) = 2*q**3 + 194*q**2 - 721*q + 8782. What is i(-101)?
-5
Let d(q) = 20*q**2 + 3028*q - 32275. Give d(10).
5
Let z(j) = j**3 + 3*j**2 - 18*j + 509. Determine z(-9).
185
Let w(i) = 5*i**2 - 493*i - 2546. Calculate w(103).
-280
Let c(x) = -4*x**3 - 12*x**2 - 108*x - 575. Determine c(-6).
505
Let w(i) = i**3 + 9*i**2 + 7*i - 819. Give w(7).
14
Let p(t) = t**2 + 4469*t - 447559. Calculate p(98).
7
Let g(z) = -42240*z + 210968. Give g(5).
-232
Let o(y) = -124*y - 1984. Determine o(-29).
1612
Let x(k) = -5*k**3 - 420*k**2 + 14*k + 1474. Determine x(-84).
298
Let i(l) = 4*l**2 + 429*l + 644. What is i(-108)?
968
Let i(b) = 836*b + 89. Give i(-1).
-747
Let o(c) = 62914*c - 503328. What is o(8)?
-16
Let f(v) = v**3 + 32*v**2 + 205*v + 2605. Calculate f(-28).
1
Let d(h) = 5*h**2 + 305*h + 3323. Give d(-36).
-1177
Let r(x) = 612*x**3 - 373933*x**2 + 604*x + 4282. Determine r(611).
5
Let v(i) = -90*i**3 - 4498*i**2 + 118*i + 908. Give v(-50).
8
Let v(h) = -253*h**2 + 60*h - 60. Give v(1).
-253
Let q(p) = -144*p + 13068. Give q(92).
-180
Let u(x) = x**3 + 89*x**2 + 1224*x + 67519. What is u(-84)?
-17
Let s(q) = 325*q + 33768. Determine s(-104).
-32
Let d(n) = 13791*n + 648182. Calculate d(-47).
5
Let c(s) = 559038*s - 8385565. What is c(15)?
5
Let j(f) = -16*f**3 - 99*f**2 - 21*f - 137. Give j(-7).
647
Let i(z) = -z**3 + 32*z**2 - 208*z - 319. Calculate i(22).
-55
Let y(x) = -3*x**3 + 70*x**2 + 18*x + 13. Determine y(23).
956
Let q(h) = h**3 - 118*h**2 + 1257*h - 19017. Calculate q(108).
99
Let z(m) = -38*m**3 - 14*m**2 + 15*m + 28. Determine z(-1).
37
Let p(a) = -36031*a + 324314. Give p(9).
35
Let h(i) = -354*i - 30031. Determine h(-89).
1475
Let r(v) = 39371*v + 590547. Determine r(-15).
-18
Let t(h) = 98610*h - 493074. Calculate t(5).
-24
Let h(j) = 8*j**3 - 48*j**2 + 40*j - 103. Give h(5).
-103
Let d(t) = 4*t**2 + 199*t - 4455. Calculate d(-63).
-1116
Let x(h) = 17*h**2 + 162*h + 237. Calculate x(-11).
512
Let h(t) = 23154*t + 71709. Calculate h(-3).
2247
Let v(q) = -14*q**2 + 3663*q + 270170. Give v(-60).
-10
Let x(j) = -j**3 + 3*j**2 + 88*j + 46. What is x(17)?
-2504
Let n(q) = -77*q**2 + 443*q + 891. Give n(-2).
-303
Let h(m) = 79*m**2 + 1358*m + 4157. Calculate h(-4).
-11
Let c(z) = -78*z**2 - 569*z - 833. Calculate c(-6).
-227
Let d(t) = 40*t**2 + 3126*t + 438. Determine d(-78).
-30
Let t(i) = -1635*i - 88300. What is t(-54)?
-10
Let s(t) = -5*t**3 + 9*t**2 + 4075*t - 8139. What is s(2)?
7
Let y(u) = -u**3 + 91*u**2 + 31*u + 5670. What is y(92)?
58
Let n(t) = 15487*t - 1037642. What is n(67)?
-13
Let o(h) = -642*h + 34704. Determine o(54).
36
Let u(x) = -9*x**2 + 78*x + 368. Calculate u(-4).
-88
Let z(j) = -10*j**2 + 653*j - 4727. What is z(57)?
4
Let p(r) = 111*r**2 + 6498*r - 12992. Give p(2).
448
Let u(j) = 2*j**2 - 1053*j + 33488. What is u(34)?
-2
Let b(q) = -q**3 - 102*q**2 + 1241*q + 405. Give b(-113).
631
Let b(i) = i**3 + 61*i**2 + 917*i + 792. Determine b(-24).
96
Let x(c) = c**3 - 91*c**2 + 511*c + 1881. Give x(85).
1966
Let a(b) = 35914*b - 395058. Give a(11).
-4
Let z(w) = 69*w**2 - 787*w - 1438. Determine z(13).
-8
Let p(g) = 102*g**2 - 9759*g + 231035. Give p(43).
-4
Let x(g) = g**3 + 35*g**2 - 20*g - 638. Give x(-37).
-2636
Let n(g) = -36209*g + 85. Give n(0).
85
Let y(x) = -x**3 + 12*x**2 + 1113*x - 14396. Give y(13).
-96
Let b(a) = 1652542*a - 9915255. Give b(6).
-3
Let t(j) = -735*j - 109522. Determine t(-149).
-7
Let x(n) = -3942*n - 9791. Calculate x(-2).
-1907
Let k(s) = -5*s**2 - 485*s - 361. Determine k(-96).
119
Let b(u) = 19*u**3 + 497*u**2 + 73*u + 60. Determine b(-26).
190
Let w(l) = -2*l**3 - 68*l**2 + 1236*l - 254. Determine w(-47).
-912
Let g(y) = -30*y**2 - 5296*y + 1681. What is g(-177)?
-797
Let b(u) = 2*u**2 + 5304*u + 495661. Calculate b(-97).
-9
Let u(m) = 3584*m - 21528. Determine u(6).
-24
Let j(f) = 592046*f + 4144329. Determine j(-7).
7
Let p(i) = -15*i**2 + 902*i - 3085. Calculate p(56).
387
Let k(d) = 4*d**2 + 1440*d + 53602. Calculate k(-318).
178
Let s(d) = -8981*d + 1212485. Give s(135).
50
Let x(c) = 1173*c + 458601. Calculate x(-391).
-42
Let n(k) = 216*k + 56. Calculate n(2).
488
Let j(a) = -a**2 + 81150*a - 4298137. Give j(53).
4
Let d(i) = i**2 + 4407972*i - 26447875. What is d(6)?
-7
Let p(z) = -4710*z - 131972. What is p(-28)?
-92
Let f(p) = -2*p**3 - 217*p**2 - 299*p + 2353. Calculate f(-107).
-1
Let y(s) = 805970*s + 15313425. Determine y(-19).
-5
Let n(k) = -3*k**3 + 3*k**2 - 156*k + 1294. Give n(6).
-182
Let u(b) = -b**2 + 236*b - 3994. Determine u(19).
129
Let c(x) = x**3 - 159*x**2 + 1528*x - 383. Calculate c(10).
-3
Let g(r) = 22740*r + 1796469. Give g(-79).
9
Let m(z) = 36340*z + 36359. Calculate m(-1).
19
Let u(w) = -242992*w - 3644892. Give u(-15).
-12
Let c(w) = -12659*w - 50626. Calculate c(-4).
10
Let s(v) = v**3 + 110*v**2 - 5074*v + 124. What is s(-145)?
-21
Let n(y) = 29*y - 920. Give n(-11).
-1239
Let o(h) = 3*h**2 + 14*h - 918. What is o(-25)?
607
Let m(d) = 6*d**3 - 1025*d**2 + 849*d + 285. What is m(170)?
115
Let p(y) = 1897115*y + 7588448. Determine p(-4).
-12
Let q(j) = 419*j + 2444. Determine q(-5).
349
Let z(s) = s**3 + 201*s**2 + 4606*s + 90. What is z(-26)?
-1366
Let c(k) = -351*k**2 + 12*k - 1074. Give c(0).
-1074
Let x(h) = 3*h**2 - 627*h + 9795. Determine x(192).
3
Let r(o) = -18*o**2 + 833*o - 8246. Calculate r(32).
-22
Let l(y) = -y**3 - 16*y**2 - 21*y - 946. Give l(-18).
80
Let k(c) = c**2 + 4215*c - 21. Calculate k(0).
-21
Let o(n) = -18*n**3 + 10770*n**2 - 3592*n + 2394. Determine o(598).